housands digit of 125819?
1
What is the units digit of 654837?
7
What is the hundreds digit of 30981920?
9
What is the ten thousands digit of 123024?
2
What is the hundreds digit of 7847540?
5
What is the hundred thousands digit of 167065?
1
What is the units digit of 20902?
2
What is the ten millions digit of 28566105?
2
What is the ten millions digit of 16180257?
1
What is the millions digit of 1224790?
1
What is the ten thousands digit of 805579?
0
What is the tens digit of 5057638?
3
What is the millions digit of 1012573?
1
What is the units digit of 37966?
6
What is the hundreds digit of 1265822?
8
What is the hundreds digit of 1682156?
1
What is the thousands digit of 7455138?
5
What is the hundreds digit of 6020567?
5
What is the hundred thousands digit of 14435672?
4
What is the tens digit of 1418721?
2
What is the thousands digit of 5194051?
4
What is the thousands digit of 116419?
6
What is the ten thousands digit of 134558?
3
What is the tens digit of 679813?
1
What is the millions digit of 5175674?
5
What is the thousands digit of 263404?
3
What is the millions digit of 1446918?
1
What is the hundred thousands digit of 1209565?
2
What is the thousands digit of 239937?
9
What is the ten thousands digit of 298743?
9
What is the ten thousands digit of 3651545?
5
What is the thousands digit of 4458027?
8
What is the hundreds digit of 14938187?
1
What is the units digit of 178869?
9
What is the hundred thousands digit of 129546?
1
What is the thousands digit of 961275?
1
What is the thousands digit of 1412311?
2
What is the thousands digit of 1050030?
0
What is the hundred thousands digit of 134556?
1
What is the units digit of 9138036?
6
What is the tens digit of 291866?
6
What is the thousands digit of 8282908?
2
What is the ten thousands digit of 287792?
8
What is the units digit of 228143?
3
What is the hundreds digit of 183785?
7
What is the tens digit of 15527032?
3
What is the tens digit of 464833?
3
What is the ten thousands digit of 1214359?
1
What is the hundreds digit of 351822?
8
What is the units digit of 1452542?
2
What is the thousands digit of 2919689?
9
What is the hundred thousands digit of 255788?
2
What is the hundred thousands digit of 4679107?
6
What is the ten millions digit of 22703925?
2
What is the ten thousands digit of 365279?
6
What is the ten thousands digit of 899249?
9
What is the units digit of 50471?
1
What is the hundreds digit of 280657?
6
What is the units digit of 158461?
1
What is the hundreds digit of 50662?
6
What is the tens digit of 369197?
9
What is the hundred thousands digit of 3265456?
2
What is the ten thousands digit of 9768784?
6
What is the units digit of 181108?
8
What is the thousands digit of 868763?
8
What is the hundreds digit of 171325?
3
What is the ten thousands digit of 992607?
9
What is the tens digit of 4437652?
5
What is the hundred thousands digit of 172601?
1
What is the millions digit of 2607171?
2
What is the thousands digit of 8269295?
9
What is the ten thousands digit of 1717694?
1
What is the hundred thousands digit of 246738?
2
What is the units digit of 135644?
4
What is the units digit of 2615788?
8
What is the hundred thousands digit of 1200988?
2
What is the units digit of 3419382?
2
What is the millions digit of 1573974?
1
What is the thousands digit of 64155?
4
What is the hundreds digit of 1282792?
7
What is the units digit of 7700007?
7
What is the ten millions digit of 38220314?
3
What is the units digit of 527743?
3
What is the hundreds digit of 6402874?
8
What is the hundred thousands digit of 19715657?
7
What is the hundred thousands digit of 226287?
2
What is the ten thousands digit of 9884304?
8
What is the units digit of 3451066?
6
What is the hundreds digit of 2579490?
4
What is the hundred thousands digit of 2396622?
3
What is the units digit of 1154422?
2
What is the hundreds digit of 11928495?
4
What is the hundreds digit of 2491712?
7
What is the units digit of 29701?
1
What is the ten thousands digit of 18841432?
4
What is the thousands digit of 4150901?
0
What is the hundred thousands digit of 243625?
2
What is the thousands digit of 848752?
8
What is the tens digit of 12172396?
9
What is the hundred thousands digit of 753126?
7
What is the ten millions digit of 18198465?
1
What is the hundred thousands digit of 1171549?
1
What is the ten thousands digit of 270038?
7
What is the hundreds digit of 1365466?
4
What is the tens digit of 9712986?
8
What is the ten millions digit of 14570045?
1
What is the millions digit of 2349503?
2
What is the hundreds digit of 1542004?
0
What is the units digit of 108825?
5
What is the hundreds digit of 8216447?
4
What is the units digit of 4445259?
9
What is the tens digit of 202481?
8
What is the hundred thousands digit of 683116?
6
What is the units digit of 626744?
4
What is the hundreds digit of 4610710?
7
What is the hundred thousands digit of 4553316?
5
What is the hundreds digit of 241814?
8
What is the tens digit of 4462687?
8
What is the tens digit of 709208?
0
What is the thousands digit of 301273?
1
What is the ten thousands digit of 426091?
2
What is the hundred thousands digit of 9539150?
5
What is the hundred thousands digit of 16688352?
6
What is the millions digit of 2041428?
2
What is the units digit of 1113078?
8
What is the hundreds digit of 7821503?
5
What is the thousands digit of 549291?
9
What is the thousands digit of 639958?
9
What is the tens digit of 14641?
4
What is the hundred thousands digit of 985987?
9
What is the tens digit of 748018?
1
What is the ten thousands digit of 3702112?
0
What is the ten thousands digit of 80993?
8
What is the hundred thousands digit of 3979207?
9
What is the thousands digit of 78791?
8
What is the hundreds digit of 655538?
5
What is the millions digit of 3313931?
3
What is the thousands digit of 4424967?
4
What is the millions digit of 1118458?
1
What is the ten thousands digit of 505477?
0
What is the ten thousands digit of 762025?
6
What is the tens digit of 4576043?
4
What is the tens digit of 37546459?
5
What is the ten thousands digit of 1288926?
8
What is the hundreds digit of 5869111?
1
What is the ten millions digit of 10202639?
1
What is the thousands digit of 1105891?
5
What is the hundreds digit of 3315596?
5
What is the hundred thousands digit of 36065619?
0
What is the ten thousands digit of 557796?
5
What is the ten millions digit of 10754840?
1
What is the hundreds digit of 8061720?
7
What is the ten thousands digit of 5071009?
7
What is the units digit of 794799?
9
What is the ten thousands digit of 676532?
7
What is the units digit of 1613794?
4
What is the units digit of 105435?
5
What is the ten thousands digit of 297550?
9
What is the ten thousands digit of 3790193?
9
What is the ten thousands digit of 132182?
3
What is the hundred thousands digit of 14072914?
0
What is the units digit of 6231471?
1
What is the ten thousands digit of 3953562?
5
What is the thousands digit of 462782?
2
What is the hundred thousands digit of 124942?
1
What is the ten thousands digit of 377787?
7
What is the thousands digit of 18729808?
9
What is the tens digit of 170528?
2
What is the units digit of 1091714?
4
What is the tens digit of 124794?
9
What is the units digit of 2209522?
2
What is the ten millions digit of 27336882?
2
What is the tens digit of 10212027?
2
What is the tens digit of 699465?
6
What is the millions digit of 3773263?
3
What is the tens digit of 436360?
6
What is the tens digit of 26489?
8
What is the tens digit of 603225?
2
What is the ten thousands digit of 3509457?
0
What is the hundreds digit of 279780?
7
What is the ten thousands digit of 326050?
2
What is the tens digit of 964091?
9
What is the tens digit of 254175?
7
What is the hundreds digit of 1118680?
6
What is the thousands digit of 780562?
0
What is the tens digit of 85616?
1
What is the tens digit of 445329?
2
What is the millions digit of 4130543?
4
What is the hundreds digit of 3659854?
8
What is the hundreds digit of 1028137?
1
What is the thousands digit of 558249?
8
What is the tens digit of 797814?
1
What is the ten thousands digit of 1592575?
9
What is the thousands digit of 4247686?
7
What is the units digit of 1263695?
5
What is the hundreds digit of 180